{"id":45,"date":"2025-03-28T04:10:21","date_gmt":"2025-03-28T04:10:21","guid":{"rendered":"https:\/\/123ai.vn\/membership-pricing\/"},"modified":"2025-05-03T11:24:23","modified_gmt":"2025-05-03T11:24:23","slug":"membership-pricing","status":"publish","type":"page","link":"https:\/\/123ai.vn\/learn\/membership-pricing\/","title":{"rendered":"Pricing"},"content":{"rendered":"<div class=\"tutor-cart-page\">\n\t<div class=\"tutor-cart-page-wrapper\">\n\t\t<div class=\"tutor-container\">\n\t\t\t\t\t\t\t<div class=\"tutor-cart-empty-state\">\n\t\t\t\t\t<img decoding=\"async\" src=\"https:\/\/123ai.vn\/learn\/wp-content\/plugins\/tutor\/assets\/images\/empty-cart.svg\" alt=\"Gi\u1ecf h\u00e0ng tr\u1ed1ng\" \/>\n\t\t\t\t\t<p>Kh\u00f4ng c\u00f3 kh\u00f3a h\u1ecdc n\u00e0o trong gi\u1ecf h\u00e0ng<\/p>\n\t\t\t\t\t<a href=\"https:\/\/123ai.vn\/learn\/courses\/\" class=\"tutor-btn tutor-btn-lg tutor-btn-primary\">Ti\u1ebfp t\u1ee5c duy\u1ec7t<\/a>\n\t\t\t\t<\/div>\n\t\t\t\t\t<\/div>\n\t<\/div>\n<\/div>\n","protected":false},"excerpt":{"rendered":"<p>Kh\u00f4ng c\u00f3 kh\u00f3a h\u1ecdc n\u00e0o trong gi\u1ecf h\u00e0ng Ti\u1ebfp t\u1ee5c duy\u1ec7t<\/p>\n","protected":false},"author":2,"featured_media":0,"parent":0,"menu_order":0,"comment_status":"closed","ping_status":"closed","template":"","meta":{"site-sidebar-layout":"default","site-content-layout":"","ast-site-content-layout":"default","site-content-style":"default","site-sidebar-style":"default","ast-global-header-display":"","ast-banner-title-visibility":"","ast-main-header-display":"","ast-hfb-above-header-display":"","ast-hfb-below-header-display":"","ast-hfb-mobile-header-display":"","site-post-title":"","ast-breadcrumbs-content":"","ast-featured-img":"","footer-sml-layout":"","ast-disable-related-posts":"","theme-transparent-header-meta":"default","adv-header-id-meta":"","stick-header-meta":"","header-above-stick-meta":"","header-main-stick-meta":"","header-below-stick-meta":"","astra-migrate-meta-layouts":"set","ast-page-background-enabled":"default","ast-page-background-meta":{"desktop":{"background-color":"var(--ast-global-color-5)","background-image":"","background-repeat":"repeat","background-position":"center center","background-size":"auto","background-attachment":"scroll","background-type":"","background-media":"","overlay-type":"","overlay-color":"","overlay-opacity":"","overlay-gradient":""},"tablet":{"background-color":"","background-image":"","background-repeat":"repeat","background-position":"center center","background-size":"auto","background-attachment":"scroll","background-type":"","background-media":"","overlay-type":"","overlay-color":"","overlay-opacity":"","overlay-gradient":""},"mobile":{"background-color":"","background-image":"","background-repeat":"repeat","background-position":"center center","background-size":"auto","background-attachment":"scroll","background-type":"","background-media":"","overlay-type":"","overlay-color":"","overlay-opacity":"","overlay-gradient":""}},"ast-content-background-meta":{"desktop":{"background-color":"var(--ast-global-color-4)","background-image":"","background-repeat":"repeat","background-position":"center center","background-size":"auto","background-attachment":"scroll","background-type":"","background-media":"","overlay-type":"","overlay-color":"","overlay-opacity":"","overlay-gradient":""},"tablet":{"background-color":"var(--ast-global-color-4)","background-image":"","background-repeat":"repeat","background-position":"center center","background-size":"auto","background-attachment":"scroll","background-type":"","background-media":"","overlay-type":"","overlay-color":"","overlay-opacity":"","overlay-gradient":""},"mobile":{"background-color":"var(--ast-global-color-4)","background-image":"","background-repeat":"repeat","background-position":"center center","background-size":"auto","background-attachment":"scroll","background-type":"","background-media":"","overlay-type":"","overlay-color":"","overlay-opacity":"","overlay-gradient":""}},"footnotes":""},"class_list":["post-45","page","type-page","status-publish","hentry"],"jetpack_sharing_enabled":true,"_links":{"self":[{"href":"https:\/\/123ai.vn\/learn\/wp-json\/wp\/v2\/pages\/45","targetHints":{"allow":["GET"]}}],"collection":[{"href":"https:\/\/123ai.vn\/learn\/wp-json\/wp\/v2\/pages"}],"about":[{"href":"https:\/\/123ai.vn\/learn\/wp-json\/wp\/v2\/types\/page"}],"author":[{"embeddable":true,"href":"https:\/\/123ai.vn\/learn\/wp-json\/wp\/v2\/users\/2"}],"replies":[{"embeddable":true,"href":"https:\/\/123ai.vn\/learn\/wp-json\/wp\/v2\/comments?post=45"}],"version-history":[{"count":1,"href":"https:\/\/123ai.vn\/learn\/wp-json\/wp\/v2\/pages\/45\/revisions"}],"predecessor-version":[{"id":7789,"href":"https:\/\/123ai.vn\/learn\/wp-json\/wp\/v2\/pages\/45\/revisions\/7789"}],"wp:attachment":[{"href":"https:\/\/123ai.vn\/learn\/wp-json\/wp\/v2\/media?parent=45"}],"curies":[{"name":"wp","href":"https:\/\/api.w.org\/{rel}","templated":true}]}}